{"id":163,"date":"2016-05-02T15:00:16","date_gmt":"2016-05-02T15:00:16","guid":{"rendered":"http:\/\/muzeuciclism.ro\/?page_id=163"},"modified":"2019-01-17T06:08:06","modified_gmt":"2019-01-17T06:08:06","slug":"copilaria-si-bicicleta-la-romani","status":"publish","type":"page","link":"https:\/\/muzeuciclism.ro\/index.php\/copilaria-si-bicicleta-la-romani\/","title":{"rendered":"Copil\u0103ria \u0219i bicicleta la rom\u00e2ni"},"content":{"rendered":"\t                <ul class=\"easy-image-gallery thumbnails-27 linked\">\r\n                    <li><a data-fancybox=\"gallery620\" href=\"https:\/\/muzeuciclism.ro\/wp-content\/uploads\/DSCN1494.jpg\" class=\"eig-popup\" title=\"Fotografie copil rom\u00e2n pe biciclet\u0103, studio J. Cionca, Bucure\u0219ti, 1908\" data-caption=\"Fotografie copil rom\u00e2n pe biciclet\u0103, studio J. Cionca, Bucure\u0219ti, 1908\" target=\"_blank\"><i class=\"icon-view\"><\/i><span class=\"overlay\"><\/span><img loading=\"lazy\" decoding=\"async\" width=\"150\" height=\"150\" src=\"https:\/\/muzeuciclism.ro\/wp-content\/uploads\/DSCN1494-150x150.jpg\" class=\"attachment-thumbnail size-thumbnail\" alt=\"\" \/><\/a><\/li><li><a data-fancybox=\"gallery620\" href=\"https:\/\/muzeuciclism.ro\/wp-content\/uploads\/DSCN0740.jpg\" class=\"eig-popup\" title=\"Fotografie studio copil pe triciclet\u0103, cca. 1920\" data-caption=\"Fotografie studio copil pe triciclet\u0103, cca. 1920\" target=\"_blank\"><i class=\"icon-view\"><\/i><span class=\"overlay\"><\/span><img loading=\"lazy\" decoding=\"async\" width=\"150\" height=\"150\" src=\"https:\/\/muzeuciclism.ro\/wp-content\/uploads\/DSCN0740-150x150.jpg\" class=\"attachment-thumbnail size-thumbnail\" alt=\"\" \/><\/a><\/li><li><a data-fancybox=\"gallery620\" href=\"https:\/\/muzeuciclism.ro\/wp-content\/uploads\/DSCN0845.jpg\" class=\"eig-popup\" title=\"Fotografie studio copil pe biciclet\u0103, Urziceni, cca. 1920\" data-caption=\"Fotografie studio copil pe biciclet\u0103, Urziceni, cca. 1920\" target=\"_blank\"><i class=\"icon-view\"><\/i><span class=\"overlay\"><\/span><img loading=\"lazy\" decoding=\"async\" width=\"150\" height=\"150\" src=\"https:\/\/muzeuciclism.ro\/wp-content\/uploads\/DSCN0845-150x150.jpg\" class=\"attachment-thumbnail size-thumbnail\" alt=\"\" \/><\/a><\/li><li><a data-fancybox=\"gallery620\" href=\"https:\/\/muzeuciclism.ro\/wp-content\/uploads\/DSCN0748.jpg\" class=\"eig-popup\" title=\"Fotografie copil cu biciclet\u0103, cca. 1920\" data-caption=\"Fotografie copil cu biciclet\u0103, cca. 1920\" target=\"_blank\"><i class=\"icon-view\"><\/i><span class=\"overlay\"><\/span><img loading=\"lazy\" decoding=\"async\" width=\"150\" height=\"150\" src=\"https:\/\/muzeuciclism.ro\/wp-content\/uploads\/DSCN0748-150x150.jpg\" class=\"attachment-thumbnail size-thumbnail\" alt=\"\" \/><\/a><\/li><li><a data-fancybox=\"gallery620\" href=\"https:\/\/muzeuciclism.ro\/wp-content\/uploads\/DSCN1495-1.jpg\" class=\"eig-popup\" title=\"Fotografie copil rom\u00e2n cu biciclet\u0103, cca. 1920\" data-caption=\"Fotografie copil rom\u00e2n cu biciclet\u0103, cca. 1920\" target=\"_blank\"><i class=\"icon-view\"><\/i><span class=\"overlay\"><\/span><img loading=\"lazy\" decoding=\"async\" width=\"150\" height=\"150\" src=\"https:\/\/muzeuciclism.ro\/wp-content\/uploads\/DSCN1495-1-150x150.jpg\" class=\"attachment-thumbnail size-thumbnail\" alt=\"\" \/><\/a><\/li><li><a data-fancybox=\"gallery620\" href=\"https:\/\/muzeuciclism.ro\/wp-content\/uploads\/DSCN0770.jpg\" class=\"eig-popup\" title=\"Fotografie copil cu biciclet\u0103, Bucure\u0219ti 2 (15) august 1919\" data-caption=\"Fotografie copil cu biciclet\u0103, Bucure\u0219ti 2 (15) august 1919\" target=\"_blank\"><i class=\"icon-view\"><\/i><span class=\"overlay\"><\/span><img loading=\"lazy\" decoding=\"async\" width=\"150\" height=\"150\" src=\"https:\/\/muzeuciclism.ro\/wp-content\/uploads\/DSCN0770-150x150.jpg\" class=\"attachment-thumbnail size-thumbnail\" alt=\"\" \/><\/a><\/li><li><a data-fancybox=\"gallery620\" href=\"https:\/\/muzeuciclism.ro\/wp-content\/uploads\/DSCN0618.jpg\" class=\"eig-popup\" title=\"Fotografie fat\u0103 pe biciclet\u0103 (pe verso este scris \u201dScumpilor mei Tat\u0103mare \u0219i Mam\u0103mare, Rodica\u201d, cca. 1930\" data-caption=\"Fotografie fat\u0103 pe biciclet\u0103 (pe verso este scris \u201dScumpilor mei Tat\u0103mare \u0219i Mam\u0103mare, Rodica\u201d, cca. 1930\" target=\"_blank\"><i class=\"icon-view\"><\/i><span class=\"overlay\"><\/span><img loading=\"lazy\" decoding=\"async\" width=\"150\" height=\"150\" src=\"https:\/\/muzeuciclism.ro\/wp-content\/uploads\/DSCN0618-150x150.jpg\" class=\"attachment-thumbnail size-thumbnail\" alt=\"\" \/><\/a><\/li><li><a data-fancybox=\"gallery620\" href=\"https:\/\/muzeuciclism.ro\/wp-content\/uploads\/DSCN1496.jpg\" class=\"eig-popup\" title=\"Fotografie copil rom\u00e2n rom\u00e2n pe triciclet\u0103, cca. 1930\" data-caption=\"Fotografie copil rom\u00e2n rom\u00e2n pe triciclet\u0103, cca. 1930\" target=\"_blank\"><i class=\"icon-view\"><\/i><span class=\"overlay\"><\/span><img loading=\"lazy\" decoding=\"async\" width=\"150\" height=\"150\" src=\"https:\/\/muzeuciclism.ro\/wp-content\/uploads\/DSCN1496-150x150.jpg\" class=\"attachment-thumbnail size-thumbnail\" alt=\"\" \/><\/a><\/li><li><a data-fancybox=\"gallery620\" href=\"https:\/\/muzeuciclism.ro\/wp-content\/uploads\/DSCN0753.jpg\" class=\"eig-popup\" title=\"Fotografie studio copil pe biciclet\u0103, cca. 1930\" data-caption=\"Fotografie studio copil pe biciclet\u0103, cca. 1930\" target=\"_blank\"><i class=\"icon-view\"><\/i><span class=\"overlay\"><\/span><img loading=\"lazy\" decoding=\"async\" width=\"150\" height=\"150\" src=\"https:\/\/muzeuciclism.ro\/wp-content\/uploads\/DSCN0753-150x150.jpg\" class=\"attachment-thumbnail size-thumbnail\" alt=\"\" \/><\/a><\/li><li><a data-fancybox=\"gallery620\" href=\"https:\/\/muzeuciclism.ro\/wp-content\/uploads\/DSCN0755.jpg\" class=\"eig-popup\" title=\"Fotografie studio copil pe biciclet\u0103, cca. 1930\" data-caption=\"Fotografie studio copil pe biciclet\u0103, cca. 1930\" target=\"_blank\"><i class=\"icon-view\"><\/i><span class=\"overlay\"><\/span><img loading=\"lazy\" decoding=\"async\" width=\"150\" height=\"150\" src=\"https:\/\/muzeuciclism.ro\/wp-content\/uploads\/DSCN0755-150x150.jpg\" class=\"attachment-thumbnail size-thumbnail\" alt=\"\" \/><\/a><\/li><li><a data-fancybox=\"gallery620\" href=\"https:\/\/muzeuciclism.ro\/wp-content\/uploads\/DSCN0998.jpg\" class=\"eig-popup\" title=\"Fotografie studio copil pe biciclet\u0103 (de remarcat cum este \u00eempodobit\u0103 bicicleta, pe ghidon este steagul Rom\u00e2niei), cca. 1930 \" data-caption=\"Fotografie studio copil pe biciclet\u0103 (de remarcat cum este \u00eempodobit\u0103 bicicleta, pe ghidon este steagul Rom\u00e2niei), cca. 1930 \" target=\"_blank\"><i class=\"icon-view\"><\/i><span class=\"overlay\"><\/span><img loading=\"lazy\" decoding=\"async\" width=\"150\" height=\"150\" src=\"https:\/\/muzeuciclism.ro\/wp-content\/uploads\/DSCN0998-150x150.jpg\" class=\"attachment-thumbnail size-thumbnail\" alt=\"\" \/><\/a><\/li><li><a data-fancybox=\"gallery620\" href=\"https:\/\/muzeuciclism.ro\/wp-content\/uploads\/DSCN1000.jpg\" class=\"eig-popup\" title=\"Fotografie studio copil pe biciclet\u0103, cca. 1930\" data-caption=\"Fotografie studio copil pe biciclet\u0103, cca. 1930\" target=\"_blank\"><i class=\"icon-view\"><\/i><span class=\"overlay\"><\/span><img loading=\"lazy\" decoding=\"async\" width=\"150\" height=\"150\" src=\"https:\/\/muzeuciclism.ro\/wp-content\/uploads\/DSCN1000-150x150.jpg\" class=\"attachment-thumbnail size-thumbnail\" alt=\"\" \/><\/a><\/li><li><a data-fancybox=\"gallery620\" href=\"https:\/\/muzeuciclism.ro\/wp-content\/uploads\/DSCN0772.jpg\" class=\"eig-popup\" title=\"Fotografie  copil pe biciclet\u0103 (posibil cerceta\u0219 rom\u00e2n), cca. 1930\" data-caption=\"Fotografie  copil pe biciclet\u0103 (posibil cerceta\u0219 rom\u00e2n), cca. 1930\" target=\"_blank\"><i class=\"icon-view\"><\/i><span class=\"overlay\"><\/span><img loading=\"lazy\" decoding=\"async\" width=\"150\" height=\"150\" src=\"https:\/\/muzeuciclism.ro\/wp-content\/uploads\/DSCN0772-150x150.jpg\" class=\"attachment-thumbnail size-thumbnail\" alt=\"\" \/><\/a><\/li><li><a data-fancybox=\"gallery620\" href=\"https:\/\/muzeuciclism.ro\/wp-content\/uploads\/DSCN0815.jpg\" class=\"eig-popup\" title=\"Fotografie studio copil pe biciclet\u0103, cca. 1930\" data-caption=\"Fotografie studio copil pe biciclet\u0103, cca. 1930\" target=\"_blank\"><i class=\"icon-view\"><\/i><span class=\"overlay\"><\/span><img loading=\"lazy\" decoding=\"async\" width=\"150\" height=\"150\" src=\"https:\/\/muzeuciclism.ro\/wp-content\/uploads\/DSCN0815-150x150.jpg\" class=\"attachment-thumbnail size-thumbnail\" alt=\"\" \/><\/a><\/li><li><a data-fancybox=\"gallery620\" href=\"https:\/\/muzeuciclism.ro\/wp-content\/uploads\/DSCN0818.jpg\" class=\"eig-popup\" title=\"Fotografie studio copil pe biciclet\u0103, 1931\" data-caption=\"Fotografie studio copil pe biciclet\u0103, 1931\" target=\"_blank\"><i class=\"icon-view\"><\/i><span class=\"overlay\"><\/span><img loading=\"lazy\" decoding=\"async\" width=\"150\" height=\"150\" src=\"https:\/\/muzeuciclism.ro\/wp-content\/uploads\/DSCN0818-150x150.jpg\" class=\"attachment-thumbnail size-thumbnail\" alt=\"\" \/><\/a><\/li><li><a data-fancybox=\"gallery620\" href=\"https:\/\/muzeuciclism.ro\/wp-content\/uploads\/DSCN0831.jpg\" class=\"eig-popup\" title=\"Elev pe biciclet\u0103, fotografie perioada 1930\" data-caption=\"Elev pe biciclet\u0103, fotografie perioada 1930\" target=\"_blank\"><i class=\"icon-view\"><\/i><span class=\"overlay\"><\/span><img loading=\"lazy\" decoding=\"async\" width=\"150\" height=\"150\" src=\"https:\/\/muzeuciclism.ro\/wp-content\/uploads\/DSCN0831-150x150.jpg\" class=\"attachment-thumbnail size-thumbnail\" alt=\"\" \/><\/a><\/li><li><a data-fancybox=\"gallery620\" href=\"https:\/\/muzeuciclism.ro\/wp-content\/uploads\/DSCN1497-1.jpg\" class=\"eig-popup\" title=\"Fotografie copii rom\u00e2ni cu biciclet\u0103, Cluj-Napoca, 1932\r\n\" data-caption=\"Fotografie copii rom\u00e2ni cu biciclet\u0103, Cluj-Napoca, 1932\r\n\" target=\"_blank\"><i class=\"icon-view\"><\/i><span class=\"overlay\"><\/span><img loading=\"lazy\" decoding=\"async\" width=\"150\" height=\"150\" src=\"https:\/\/muzeuciclism.ro\/wp-content\/uploads\/DSCN1497-1-150x150.jpg\" class=\"attachment-thumbnail size-thumbnail\" alt=\"\" \/><\/a><\/li><li><a data-fancybox=\"gallery620\" href=\"https:\/\/muzeuciclism.ro\/wp-content\/uploads\/DSCN1502-1.jpg\" class=\"eig-popup\" title=\"Fotografie copil rom\u00e2n pe tricilet\u0103, Constan\u021ba, 1934\" data-caption=\"Fotografie copil rom\u00e2n pe tricilet\u0103, Constan\u021ba, 1934\" target=\"_blank\"><i class=\"icon-view\"><\/i><span class=\"overlay\"><\/span><img loading=\"lazy\" decoding=\"async\" width=\"150\" height=\"150\" src=\"https:\/\/muzeuciclism.ro\/wp-content\/uploads\/DSCN1502-1-150x150.jpg\" class=\"attachment-thumbnail size-thumbnail\" alt=\"\" \/><\/a><\/li><li><a data-fancybox=\"gallery620\" href=\"https:\/\/muzeuciclism.ro\/wp-content\/uploads\/DSCN0822.jpg\" class=\"eig-popup\" title=\"Fotografie feti\u021b\u0103 pe biciclet\u0103, Bucure\u0219ti 20 august 1944\" data-caption=\"Fotografie feti\u021b\u0103 pe biciclet\u0103, Bucure\u0219ti 20 august 1944\" target=\"_blank\"><i class=\"icon-view\"><\/i><span class=\"overlay\"><\/span><img loading=\"lazy\" decoding=\"async\" width=\"150\" height=\"150\" src=\"https:\/\/muzeuciclism.ro\/wp-content\/uploads\/DSCN0822-150x150.jpg\" class=\"attachment-thumbnail size-thumbnail\" alt=\"\" \/><\/a><\/li><li><a data-fancybox=\"gallery620\" href=\"https:\/\/muzeuciclism.ro\/wp-content\/uploads\/DSCN0795-691x1024.jpg\" class=\"eig-popup\" title=\"Fotografie  copil cu biciclet\u0103, cca. 1950\" data-caption=\"Fotografie  copil cu biciclet\u0103, cca. 1950\" target=\"_blank\"><i class=\"icon-view\"><\/i><span class=\"overlay\"><\/span><img loading=\"lazy\" decoding=\"async\" width=\"150\" height=\"150\" src=\"https:\/\/muzeuciclism.ro\/wp-content\/uploads\/DSCN0795-150x150.jpg\" class=\"attachment-thumbnail size-thumbnail\" alt=\"\" \/><\/a><\/li><li><a data-fancybox=\"gallery620\" href=\"https:\/\/muzeuciclism.ro\/wp-content\/uploads\/DSCN0811.jpg\" class=\"eig-popup\" title=\"Fotografie copil pe triciclet\u0103, cca. 1960\" data-caption=\"Fotografie copil pe triciclet\u0103, cca. 1960\" target=\"_blank\"><i class=\"icon-view\"><\/i><span class=\"overlay\"><\/span><img loading=\"lazy\" decoding=\"async\" width=\"150\" height=\"150\" src=\"https:\/\/muzeuciclism.ro\/wp-content\/uploads\/DSCN0811-150x150.jpg\" class=\"attachment-thumbnail size-thumbnail\" alt=\"\" \/><\/a><\/li><li><a data-fancybox=\"gallery620\" href=\"https:\/\/muzeuciclism.ro\/wp-content\/uploads\/DSCN0817.jpg\" class=\"eig-popup\" title=\"Fotografie copil pe triciclet\u0103, cca. 1960\" data-caption=\"Fotografie copil pe triciclet\u0103, cca. 1960\" target=\"_blank\"><i class=\"icon-view\"><\/i><span class=\"overlay\"><\/span><img loading=\"lazy\" decoding=\"async\" width=\"150\" height=\"150\" src=\"https:\/\/muzeuciclism.ro\/wp-content\/uploads\/DSCN0817-150x150.jpg\" class=\"attachment-thumbnail size-thumbnail\" alt=\"\" \/><\/a><\/li><li><a data-fancybox=\"gallery620\" href=\"https:\/\/muzeuciclism.ro\/wp-content\/uploads\/DSCN1613.jpg\" class=\"eig-popup\" title=\"Fotografie copil rom\u00e2n pe biciclet\u0103, anul 1960\" data-caption=\"Fotografie copil rom\u00e2n pe biciclet\u0103, anul 1960\" target=\"_blank\"><i class=\"icon-view\"><\/i><span class=\"overlay\"><\/span><img loading=\"lazy\" decoding=\"async\" width=\"150\" height=\"150\" src=\"https:\/\/muzeuciclism.ro\/wp-content\/uploads\/DSCN1613-150x150.jpg\" class=\"attachment-thumbnail size-thumbnail\" alt=\"\" \/><\/a><\/li><li><a data-fancybox=\"gallery620\" href=\"https:\/\/muzeuciclism.ro\/wp-content\/uploads\/DSCN0853.jpg\" class=\"eig-popup\" title=\"Fotografie copii pe biciclet\u0103 \u0219i triciclet\u0103, cca. 1960\" data-caption=\"Fotografie copii pe biciclet\u0103 \u0219i triciclet\u0103, cca. 1960\" target=\"_blank\"><i class=\"icon-view\"><\/i><span class=\"overlay\"><\/span><img loading=\"lazy\" decoding=\"async\" width=\"150\" height=\"150\" src=\"https:\/\/muzeuciclism.ro\/wp-content\/uploads\/DSCN0853-150x150.jpg\" class=\"attachment-thumbnail size-thumbnail\" alt=\"\" \/><\/a><\/li><li><a data-fancybox=\"gallery620\" href=\"https:\/\/muzeuciclism.ro\/wp-content\/uploads\/DSCN0854.jpg\" class=\"eig-popup\" title=\"Fotografie  copil pe biciclet\u0103, 15.05.1962\" data-caption=\"Fotografie  copil pe biciclet\u0103, 15.05.1962\" target=\"_blank\"><i class=\"icon-view\"><\/i><span class=\"overlay\"><\/span><img loading=\"lazy\" decoding=\"async\" width=\"150\" height=\"150\" src=\"https:\/\/muzeuciclism.ro\/wp-content\/uploads\/DSCN0854-150x150.jpg\" class=\"attachment-thumbnail size-thumbnail\" alt=\"\" \/><\/a><\/li><li><a data-fancybox=\"gallery620\" href=\"https:\/\/muzeuciclism.ro\/wp-content\/uploads\/DSCN1592.jpg\" class=\"eig-popup\" title=\"Fotografie copil rom\u00e2n pe biciclet\u0103, anul 1965\" data-caption=\"Fotografie copil rom\u00e2n pe biciclet\u0103, anul 1965\" target=\"_blank\"><i class=\"icon-view\"><\/i><span class=\"overlay\"><\/span><img loading=\"lazy\" decoding=\"async\" width=\"150\" height=\"150\" src=\"https:\/\/muzeuciclism.ro\/wp-content\/uploads\/DSCN1592-150x150.jpg\" class=\"attachment-thumbnail size-thumbnail\" alt=\"\" \/><\/a><\/li><li><a data-fancybox=\"gallery620\" href=\"https:\/\/muzeuciclism.ro\/wp-content\/uploads\/DSCN2059.jpg\" class=\"eig-popup\" title=\"Fotografie copil rom\u00e2n cu biciclet\u0103, anii.1950 - 1960\" data-caption=\"Fotografie copil rom\u00e2n cu biciclet\u0103, anii.1950 - 1960\" target=\"_blank\"><i class=\"icon-view\"><\/i><span class=\"overlay\"><\/span><img loading=\"lazy\" decoding=\"async\" width=\"150\" height=\"150\" src=\"https:\/\/muzeuciclism.ro\/wp-content\/uploads\/DSCN2059-150x150.jpg\" class=\"attachment-thumbnail size-thumbnail\" alt=\"\" \/><\/a><\/li><\/ul>\n","protected":false},"excerpt":{"rendered":"","protected":false},"author":2,"featured_media":0,"parent":0,"menu_order":0,"comment_status":"open","ping_status":"closed","template":"","meta":{"footnotes":""},"class_list":["post-163","page","type-page","status-publish","czr-hentry"],"_links":{"self":[{"href":"https:\/\/muzeuciclism.ro\/index.php\/wp-json\/wp\/v2\/pages\/163","targetHints":{"allow":["GET"]}}],"collection":[{"href":"https:\/\/muzeuciclism.ro\/index.php\/wp-json\/wp\/v2\/pages"}],"about":[{"href":"https:\/\/muzeuciclism.ro\/index.php\/wp-json\/wp\/v2\/types\/page"}],"author":[{"embeddable":true,"href":"https:\/\/muzeuciclism.ro\/index.php\/wp-json\/wp\/v2\/users\/2"}],"replies":[{"embeddable":true,"href":"https:\/\/muzeuciclism.ro\/index.php\/wp-json\/wp\/v2\/comments?post=163"}],"version-history":[{"count":0,"href":"https:\/\/muzeuciclism.ro\/index.php\/wp-json\/wp\/v2\/pages\/163\/revisions"}],"wp:attachment":[{"href":"https:\/\/muzeuciclism.ro\/index.php\/wp-json\/wp\/v2\/media?parent=163"}],"curies":[{"name":"wp","href":"https:\/\/api.w.org\/{rel}","templated":true}]}}