{"id":1020,"date":"2017-02-22T20:26:28","date_gmt":"2017-02-22T20:26:28","guid":{"rendered":"http:\/\/muzeuciclism.ro\/?page_id=1020"},"modified":"2025-09-09T18:15:46","modified_gmt":"2025-09-09T18:15:46","slug":"gheorghe-radulescu","status":"publish","type":"page","link":"https:\/\/muzeuciclism.ro\/index.php\/ciclism-romanesc\/galeria-ciclistilor-romani\/gheorghe-radulescu\/","title":{"rendered":"Gheorghe R\u0103dulescu"},"content":{"rendered":"<p>Generatia &#8222;Eroica&#8221; a ciclismului romanesc.<\/p>\n<p>Ghe. Radulescu<\/p>\n<p>Participarile si victoriile.<\/p>\n<p>1957 Locul 10, etapa 9, Course de la Paix , Wroc\u0142aw (Dolno\u015bl\u0105skie), Polonia<br \/>\n1958 Locul 4, etapa 11, Course de la Paix ,Brno (Jihomoravsky Kraj), Czechoslovakia<br \/>\n1959 Locul 3, Clasamentul General, Turul Rom\u00e2niei.<br \/>\n1960 Locul 3, etapa 5, Course de la Paix , Katowice (\u015al\u0105skie), Polonia<br \/>\n1960 Locul 7, etapa 10, Course de la Paix , R.D.G.<br \/>\n1960 Locul 46, Clasmentul General , Course de la Paix , Berlin, R.D.G.<br \/>\n1961 Locul 3, Clasamentul General , Turul Rom\u00e2niei.<br \/>\n1961 Locul 5, etapa 3, Course de la Paix , Swiecie (Kujawsko-Pomorskie), Polonia<br \/>\n1962 Locul 9, etapa 3, Course de la Paix , Erfurt (Thuringen), R.D.G.<br \/>\n1962 Locul 4, etapa 5, Course de la Paix , Karlovy Vary (Karlovarsky Kraj), Czechoslovakia<br \/>\n1962 Locul 9, etapa 8, Course de la Paix, Zlin (Zlinsky Kraj),Czechoslovakia<br \/>\n1962 Locul 29, Clasamentul general, Course de la Paix .<br \/>\n1963 Locul 23, Clasamentul General, Course de la Paix , Berlin (Berlin), R.D.G.<\/p>\n\t                <ul class=\"easy-image-gallery thumbnails-1 linked\">\r\n                    <li><a data-fancybox=\"gallery678\" href=\"https:\/\/muzeuciclism.ro\/wp-content\/uploads\/16603032_1626959863987017_4674944161736289274_n.jpg\" class=\"eig-popup\" title=\"Gheorghe R\u0103dulescu\n(colec\u021bia Dan Melinte)\" data-caption=\"Gheorghe R\u0103dulescu\n(colec\u021bia Dan Melinte)\" target=\"_blank\"><i class=\"icon-view\"><\/i><span class=\"overlay\"><\/span><img loading=\"lazy\" decoding=\"async\" width=\"150\" height=\"150\" src=\"https:\/\/muzeuciclism.ro\/wp-content\/uploads\/16603032_1626959863987017_4674944161736289274_n-150x150.jpg\" class=\"attachment-thumbnail size-thumbnail\" alt=\"\" \/><\/a><\/li><\/ul>\n","protected":false},"excerpt":{"rendered":"<p>Generatia &#8222;Eroica&#8221; a ciclismului romanesc. Ghe. Radulescu Participarile si victoriile. 1957 Locul 10, etapa 9, Course de la Paix , Wroc\u0142aw (Dolno\u015bl\u0105skie), Polonia 1958 Locul 4, etapa 11, Course de la Paix ,Brno (Jihomoravsky Kraj), Czechoslovakia 1959 Locul 3, Clasamentul General, Turul Rom\u00e2niei. 1960 Locul 3, etapa 5, Course de la Paix , Katowice (\u015al\u0105skie), [&hellip;]<\/p>\n","protected":false},"author":2,"featured_media":0,"parent":992,"menu_order":0,"comment_status":"open","ping_status":"closed","template":"","meta":{"footnotes":""},"class_list":["post-1020","page","type-page","status-publish","czr-hentry"],"_links":{"self":[{"href":"https:\/\/muzeuciclism.ro\/index.php\/wp-json\/wp\/v2\/pages\/1020","targetHints":{"allow":["GET"]}}],"collection":[{"href":"https:\/\/muzeuciclism.ro\/index.php\/wp-json\/wp\/v2\/pages"}],"about":[{"href":"https:\/\/muzeuciclism.ro\/index.php\/wp-json\/wp\/v2\/types\/page"}],"author":[{"embeddable":true,"href":"https:\/\/muzeuciclism.ro\/index.php\/wp-json\/wp\/v2\/users\/2"}],"replies":[{"embeddable":true,"href":"https:\/\/muzeuciclism.ro\/index.php\/wp-json\/wp\/v2\/comments?post=1020"}],"version-history":[{"count":0,"href":"https:\/\/muzeuciclism.ro\/index.php\/wp-json\/wp\/v2\/pages\/1020\/revisions"}],"up":[{"embeddable":true,"href":"https:\/\/muzeuciclism.ro\/index.php\/wp-json\/wp\/v2\/pages\/992"}],"wp:attachment":[{"href":"https:\/\/muzeuciclism.ro\/index.php\/wp-json\/wp\/v2\/media?parent=1020"}],"curies":[{"name":"wp","href":"https:\/\/api.w.org\/{rel}","templated":true}]}}